digit of 152212359?
3
What is the hundred thousands digit of 431859755?
8
What is the hundred millions digit of 289045774?
2
What is the ten thousands digit of 41033965?
3
What is the hundred thousands digit of 24003888?
0
What is the hundreds digit of 205269408?
4
What is the hundred millions digit of 175058353?
1
What is the ten thousands digit of 176016412?
1
What is the tens digit of 71348336?
3
What is the thousands digit of 57463263?
3
What is the tens digit of 3218932?
3
What is the ten millions digit of 455566565?
5
What is the units digit of 46446382?
2
What is the units digit of 29023105?
5
What is the ten thousands digit of 76415027?
1
What is the tens digit of 126842536?
3
What is the hundred thousands digit of 61950681?
9
What is the units digit of 1016195838?
8
What is the thousands digit of 10471437?
1
What is the hundred millions digit of 899998261?
8
What is the thousands digit of 15124299?
4
What is the ten thousands digit of 55622848?
2
What is the units digit of 8434660?
0
What is the tens digit of 1258940594?
9
What is the thousands digit of 52179804?
9
What is the hundred thousands digit of 37881339?
8
What is the units digit of 317802799?
9
What is the ten millions digit of 71873806?
7
What is the thousands digit of 169203996?
3
What is the units digit of 5871508383?
3
What is the millions digit of 46831169?
6
What is the hundreds digit of 249126955?
9
What is the thousands digit of 39784457?
4
What is the ten thousands digit of 269552731?
5
What is the thousands digit of 554897032?
7
What is the millions digit of 16731610?
6
What is the tens digit of 1592906999?
9
What is the thousands digit of 6850486824?
6
What is the hundred millions digit of 487904365?
4
What is the hundred thousands digit of 80892941?
8
What is the hundred thousands digit of 192694710?
6
What is the ten millions digit of 309416471?
0
What is the ten millions digit of 4466472654?
6
What is the hundred thousands digit of 384281778?
2
What is the hundreds digit of 21202139?
1
What is the units digit of 3970692390?
0
What is the ten thousands digit of 176417697?
1
What is the thousands digit of 7622787?
2
What is the hundred thousands digit of 623514046?
5
What is the hundred thousands digit of 392865335?
8
What is the billions digit of 1599448850?
1
What is the tens digit of 91602838?
3
What is the hundreds digit of 147667815?
8
What is the hundred millions digit of 2430048175?
4
What is the thousands digit of 439978555?
8
What is the units digit of 840340917?
7
What is the thousands digit of 641235797?
5
What is the tens digit of 348880489?
8
What is the tens digit of 1790418899?
9
What is the tens digit of 674235954?
5
What is the ten thousands digit of 93456327?
5
What is the hundreds digit of 142625915?
9
What is the units digit of 723091307?
7
What is the units digit of 168776120?
0
What is the thousands digit of 916066521?
6
What is the thousands digit of 22206258?
6
What is the ten millions digit of 1054329468?
5
What is the ten millions digit of 618060447?
1
What is the ten thousands digit of 7456065944?
6
What is the tens digit of 482255?
5
What is the thousands digit of 2661343375?
3
What is the ten thousands digit of 386331571?
3
What is the units digit of 6907588591?
1
What is the units digit of 213098772?
2
What is the hundred thousands digit of 1563245294?
2
What is the hundreds digit of 311593289?
2
What is the ten millions digit of 94537873?
9
What is the hundreds digit of 133341905?
9
What is the thousands digit of 30588142?
8
What is the millions digit of 64612748?
4
What is the thousands digit of 76571657?
1
What is the ten millions digit of 40868835?
4
What is the tens digit of 5632865978?
7
What is the ten millions digit of 998424292?
9
What is the hundred millions digit of 3535590561?
5
What is the hundred thousands digit of 39641612?
6
What is the millions digit of 87159375?
7
What is the millions digit of 55784459?
5
What is the ten millions digit of 2446890187?
4
What is the hundred thousands digit of 517450548?
4
What is the millions digit of 58309514?
8
What is the units digit of 96102397?
7
What is the millions digit of 2690003204?
0
What is the hundred thousands digit of 2658476712?
4
What is the ten millions digit of 105003769?
0
What is the thousands digit of 1057210054?
0
What is the ten millions digit of 309086158?
0
What is the ten thousands digit of 67265874?
6
What is the units digit of 83170348?
8
What is the ten millions digit of 60595520?
6
What is the units digit of 1676860604?
4
What is the units digit of 172193081?
1
What is the millions digit of 2539710119?
9
What is the hundred thousands digit of 16064832?
0
What is the thousands digit of 860316411?
6
What is the ten thousands digit of 59028039?
2
What is the hundred millions digit of 3141861155?
1
What is the millions digit of 53301754?
3
What is the millions digit of 2580752560?
0
What is the thousands digit of 2513666950?
6
What is the thousands digit of 310387150?
7
What is the thousands digit of 1498744923?
4
What is the hundreds digit of 96807713?
7
What is the ten millions digit of 32576648?
3
What is the hundred thousands digit of 7101316?
1
What is the billions digit of 2317975239?
2
What is the hundred millions digit of 172753575?
1
What is the hundreds digit of 197705261?
2
What is the hundreds digit of 56028970?
9
What is the ten thousands digit of 1470509679?
0
What is the hundred thousands digit of 213553?
2
What is the millions digit of 2207344829?
7
What is the hundred millions digit of 1723493651?
7
What is the millions digit of 1299821434?
9
What is the tens digit of 101446183?
8
What is the units digit of 341222294?
4
What is the hundreds digit of 88689611?
6
What is the hundred thousands digit of 3294469302?
4
What is the hundred thousands digit of 1205623372?
6
What is the thousands digit of 108993185?
3
What is the tens digit of 224695339?
3
What is the ten millions digit of 57021781?
5
What is the millions digit of 170819974?
0
What is the hundreds digit of 8669869?
8
What is the thousands digit of 491330740?
0
What is the hundred thousands digit of 8986486860?
4
What is the ten thousands digit of 3813791181?
9
What is the tens digit of 1257249803?
0
What is the ten millions digit of 393764514?
9
What is the thousands digit of 220702767?
2
What is the thousands digit of 474669816?
9
What is the hundred thousands digit of 119719764?
7
What is the units digit of 160074621?
1
What is the thousands digit of 1379119188?
9
What is the ten thousands digit of 182270790?
7
What is the hundred millions digit of 159850412?
1
What is the ten millions digit of 2939319673?
3
What is the hundreds digit of 3545079915?
9
What is the ten thousands digit of 93214584?
1
What is the thousands digit of 83569541?
9
What is the units digit of 117673995?
5
What is the hundred millions digit of 6302580666?
3
What is the thousands digit of 48683687?
3
What is the hundred millions digit of 123004218?
1
What is the hundred thousands digit of 830026705?
0
What is the tens digit of 2580947?
4
What is the millions digit of 490582871?
0
What is the units digit of 6183223820?
0
What is the hundred thousands digit of 47670883?
6
What is the hundred thousands digit of 6045846?
0
What is the ten millions digit of 1570788863?
7
What is the units digit of 449207167?
7
What is the hundreds digit of 36648472?
4
What is the hundred thousands digit of 29198408?
1
What is the thousands digit of 56849649?
9
What is the hundreds digit of 3557020401?
4
What is the ten millions digit of 164505322?
6
What is the hundred thousands digit of 22439925?
4
What is the hundred millions digit of 1453305035?
4
What is the millions digit of 1829303867?
9
What is the hundred millions digit of 1056124868?
0
What is the ten millions digit of 27953644?
2
What is the units digit of 334449797?
7
What is the tens digit of 501344390?
9
What is the millions digit of 36135156?
6
What is the hundred thousands digit of 2422072511?
0
What is the hundred millions digit of 5897796641?
8
What is the ten thousands digit of 3773627575?
2
What is the ten millions digit of 31433514?
3
What is the ten thousands digit of 213029176?
2
What is the hundreds digit of 822614027?
0
What is the hundreds digit of 1525